{"id":2,"date":"2021-08-26T07:31:53","date_gmt":"2021-08-26T07:31:53","guid":{"rendered":"http:\/\/localhost\/wordpress\/?page_id=2"},"modified":"2021-12-21T12:13:00","modified_gmt":"2021-12-21T12:13:00","slug":"sample-page","status":"publish","type":"page","link":"https:\/\/www.komunikacni-karty.cz\/index.php\/sample-page\/","title":{"rendered":"O n\u00e1s"},"content":{"rendered":"\t\t<div data-elementor-type=\"wp-page\" data-elementor-id=\"2\" class=\"elementor elementor-2\" data-elementor-settings=\"[]\">\n\t\t\t\t\t\t\t<div class=\"elementor-section-wrap\">\n\t\t\t\t\t\t\t<section class=\"elementor-section elementor-top-section elementor-element elementor-element-bc8c41e elementor-section-boxed elementor-section-height-default elementor-section-height-default\" data-id=\"bc8c41e\" data-element_type=\"section\">\n\t\t\t\t\t\t<div class=\"elementor-container elementor-column-gap-default\">\n\t\t\t\t\t<div class=\"elementor-column elementor-col-50 elementor-top-column elementor-element elementor-element-bccdbe8\" data-id=\"bccdbe8\" data-element_type=\"column\">\n\t\t\t<div class=\"elementor-widget-wrap elementor-element-populated\">\n\t\t\t\t\t\t\t\t<div class=\"elementor-element elementor-element-cbaf07f elementor-widget elementor-widget-image\" data-id=\"cbaf07f\" data-element_type=\"widget\" data-widget_type=\"image.default\">\n\t\t\t\t<div class=\"elementor-widget-container\">\n\t\t\t\t\t\t\t\t\t\t\t\t\t\t\t<img width=\"248\" height=\"248\" src=\"https:\/\/www.komunikacni-karty.cz\/wp-content\/uploads\/2021\/08\/eiat.png\" class=\"attachment-large size-large\" alt=\"\" loading=\"lazy\" \/>\t\t\t\t\t\t\t\t\t\t\t\t\t\t\t<\/div>\n\t\t\t\t<\/div>\n\t\t\t\t<div class=\"elementor-element elementor-element-5037e76 elementor-widget elementor-widget-text-editor\" data-id=\"5037e76\" data-element_type=\"widget\" data-widget_type=\"text-editor.default\">\n\t\t\t\t<div class=\"elementor-widget-container\">\n\t\t\t\t\t\t\t<p><a href=\"https:\/\/eiat.cz\/zakladni_informace\/\">P\u0159ej\u00ed na str\u00e1nky EIAT<\/a><\/p>\t\t\t\t\t\t<\/div>\n\t\t\t\t<\/div>\n\t\t\t\t\t<\/div>\n\t\t<\/div>\n\t\t\t\t<div class=\"elementor-column elementor-col-50 elementor-top-column elementor-element elementor-element-8cf44f1\" data-id=\"8cf44f1\" data-element_type=\"column\">\n\t\t\t<div class=\"elementor-widget-wrap elementor-element-populated\">\n\t\t\t\t\t\t\t\t<section class=\"elementor-section elementor-inner-section elementor-element elementor-element-d8916ba elementor-section-boxed elementor-section-height-default elementor-section-height-default\" data-id=\"d8916ba\" data-element_type=\"section\">\n\t\t\t\t\t\t<div class=\"elementor-container elementor-column-gap-default\">\n\t\t\t\t\t<div class=\"elementor-column elementor-col-100 elementor-inner-column elementor-element elementor-element-c2e2d91\" data-id=\"c2e2d91\" data-element_type=\"column\">\n\t\t\t<div class=\"elementor-widget-wrap elementor-element-populated\">\n\t\t\t\t\t\t\t\t<div class=\"elementor-element elementor-element-cc77052 elementor-widget elementor-widget-heading\" data-id=\"cc77052\" data-element_type=\"widget\" data-widget_type=\"heading.default\">\n\t\t\t\t<div class=\"elementor-widget-container\">\n\t\t\t<h2 class=\"elementor-heading-title elementor-size-default\">EIAT<\/h2>\t\t<\/div>\n\t\t\t\t<\/div>\n\t\t\t\t<div class=\"elementor-element elementor-element-9fb19cf elementor-widget elementor-widget-text-editor\" data-id=\"9fb19cf\" data-element_type=\"widget\" data-widget_type=\"text-editor.default\">\n\t\t\t\t<div class=\"elementor-widget-container\">\n\t\t\t\t\t\t\t<p>Posl\u00e1n\u00ed a c\u00edle Evropsk\u00e9ho institutu asistivn\u00edch technologi\u00ed<\/p>\n<p><ul><li>Z\u00e1kladn\u00ed i pr\u016fmyslov\u00fd v\u00fdzkum a experiment\u00e1ln\u00ed v\u00fdvoj na poli asistivn\u00edch technologi\u00ed a souvisej\u00edc\u00edch obor\u016f a slu\u017eeb.<\/li><li>Transfer technologi\u00ed, inovac\u00ed a znalost\u00ed sm\u011brem k jejich mo\u017en\u00fdm v\u00fdrobc\u016fm a spot\u0159ebitel\u016fm.<\/li><li>Ve\u0159ejn\u00e9 \u0161\u00ed\u0159en\u00ed informac\u00ed mezi odbornou i laickou ve\u0159ejnost\u00ed, a to zejm\u00e9na prost\u0159ednictv\u00edm v\u00fduky a publika\u010dn\u00ed \u010dinnosti.<\/li><li>Pomoc instituc\u00edm, neziskov\u00fdm organizac\u00edm a firm\u00e1m p\u0159i adaptaci a aplikaci AT a souvisej\u00edc\u00edch proces\u016f a slu\u017eeb.<\/li><li>Pomoc konkr\u00e9tn\u00edm ob\u010dan\u016fm se zdravotn\u00edm \u010di soci\u00e1ln\u00edm znev\u00fdhodn\u011bn\u00edm p\u0159i dosahov\u00e1n\u00ed maxim\u00e1ln\u00ed m\u00edry jejich samostatnosti a nez\u00e1vislosti vedouc\u00ed a napom\u00e1haj\u00edc\u00ed k jejich za\u010dlen\u011bn\u00ed do spole\u010dnosti i k jejich pracovn\u00edmu uplatn\u011bn\u00ed.<\/li><\/ul><\/p>\n<p>Kompenza\u010dn\u00ed pom\u016fcky a asistivn\u00ed technologie<\/p>\n<p>Kompenza\u010dn\u00ed&nbsp;<span style=\"color: var( --e-global-color-text ); font-family: var( --e-global-typography-text-font-family ), Sans-serif; font-weight: var( --e-global-typography-text-font-weight ); font-size: 1rem;\">pom\u016fcky&nbsp;<\/span><span style=\"font-style: inherit; font-weight: inherit; color: var( --e-global-color-text ); font-family: var( --e-global-typography-text-font-family ), Sans-serif;\">(tak\u00e9 naz\u00fdvan\u00e9 zvl\u00e1\u0161tn\u00ed) jsou technick\u00e9 prost\u0159edky kompenzuj\u00edc\u00ed ur\u010ditou t\u011blesnou \u010di smyslovou nedostate\u010dnost. Tento pojem se objevil v dob\u011b, kdy se v masov\u011bj\u0161\u00ed m\u00ed\u0159e za\u010dala vyr\u00e1b\u011bt specializovan\u00e1 za\u0159\u00edzen\u00ed ur\u010den\u00e1 osob\u00e1m se zdravotn\u00edm handicapem pro usnadn\u011bn\u00ed jejich b\u011b\u017en\u00e9ho \u017eivota. V d\u016fsledku v\u00fdvoje a technick\u00e9ho pokroku se tato za\u0159\u00edzen\u00ed st\u00e1vaj\u00ed st\u00e1le slo\u017eit\u011bj\u0161\u00edmi, a to nejen z hlediska v\u00fdroby, ale zejm\u00e9na z hlediska obsluhy a pou\u017e\u00edv\u00e1n\u00ed. Dnes se ji\u017e \u010dasto nejedn\u00e1 jen o za\u0159\u00edzen\u00ed funguj\u00edc\u00ed autonomn\u011b (samostatn\u011b); mus\u00ed spolupracovat s jin\u00fdmi syst\u00e9my a za\u0159\u00edzen\u00edmi pou\u017e\u00edvan\u00fdmi majoritn\u00ed v\u011bt\u0161inou, nez\u0159\u00eddka se pak st\u00e1vaj\u00ed dokonce specializovanou sou\u010d\u00e1st\u00ed takov\u00fdch syst\u00e9m\u016f.<\/span><\/p>\n<p>Ukazuje se, \u017ee je velmi vhodn\u00e9 (p\u0159\u00edpadn\u011b nutn\u00e9) poskytnout jejich u\u017eivatel\u016fm dal\u0161\u00ed servis, a to zejm\u00e9na v oblasti optimalizace v\u00fdb\u011bru za\u0159\u00edzen\u00ed, individu\u00e1ln\u00ed konfigurace zohled\u0148uj\u00edc\u00ed konkr\u00e9tn\u00ed osobn\u00ed mo\u017enosti a pot\u0159eby konkr\u00e9tn\u00edho klienta a za\u0161kolen\u00ed v jejich obsluze. Takov\u00fd komplexn\u00ed p\u0159\u00edstup naz\u00fdvan\u00fd asistivn\u00ed technologi\u00ed v\u00fdznamn\u011b zefektiv\u0148uje vyu\u017e\u00edv\u00e1n\u00ed pom\u016fcky \u010di technologie a p\u0159in\u00e1\u0161\u00ed t\u00e9\u017e v\u011bt\u0161\u00ed u\u017eitek samotn\u00e9mu u\u017eivateli takov\u00e9ho za\u0159\u00edzen\u00ed. Stru\u010dn\u011b lze \u0159\u00edci, \u017ee asistivn\u00ed technologie je shrnuj\u00edc\u00ed v\u00fdraz pro asistivn\u00ed, adaptivn\u00ed a rehabilita\u010dn\u00ed za\u0159\u00edzen\u00ed ur\u010den\u00e1 lidem s posti\u017een\u00edm a zahrnuj\u00edc\u00ed tak\u00e9 proces vyb\u00edr\u00e1n\u00ed, zp\u0159\u00edstupn\u011bn\u00ed a u\u017e\u00edv\u00e1n\u00ed takov\u00fdch pom\u016fcek.<\/p>\t\t\t\t\t\t<\/div>\n\t\t\t\t<\/div>\n\t\t\t\t\t<\/div>\n\t\t<\/div>\n\t\t\t\t\t\t\t<\/div>\n\t\t<\/section>\n\t\t\t\t\t<\/div>\n\t\t<\/div>\n\t\t\t\t\t\t\t<\/div>\n\t\t<\/section>\n\t\t\t\t\t\t<\/div>\n\t\t\t\t\t<\/div>\n\t\t","protected":false},"excerpt":{"rendered":"<p>P\u0159ej\u00ed na str\u00e1nky EIAT EIAT Posl\u00e1n\u00ed a c\u00edle Evropsk\u00e9ho institutu asistivn\u00edch technologi\u00ed Z\u00e1kladn\u00ed i pr\u016fmyslov\u00fd v\u00fdzkum a experiment\u00e1ln\u00ed v\u00fdvoj na poli asistivn\u00edch technologi\u00ed a souvisej\u00edc\u00edch obor\u016f a slu\u017eeb. Transfer technologi\u00ed, inovac\u00ed a znalost\u00ed sm\u011brem k jejich mo\u017en\u00fdm v\u00fdrobc\u016fm a spot\u0159ebitel\u016fm. Ve\u0159ejn\u00e9 \u0161\u00ed\u0159en\u00ed informac\u00ed mezi odbornou i laickou ve\u0159ejnost\u00ed, a to zejm\u00e9na prost\u0159ednictv\u00edm v\u00fduky a publika\u010dn\u00ed &hellip;<\/p>\n<p class=\"read-more\"> <a class=\"\" href=\"https:\/\/www.komunikacni-karty.cz\/index.php\/sample-page\/\"> <span class=\"screen-reader-text\">O n\u00e1s<\/span> Read More &raquo;<\/a><\/p>\n","protected":false},"author":1,"featured_media":0,"parent":0,"menu_order":0,"comment_status":"closed","ping_status":"open","template":"","meta":[],"_links":{"self":[{"href":"https:\/\/www.komunikacni-karty.cz\/index.php\/wp-json\/wp\/v2\/pages\/2"}],"collection":[{"href":"https:\/\/www.komunikacni-karty.cz\/index.php\/wp-json\/wp\/v2\/pages"}],"about":[{"href":"https:\/\/www.komunikacni-karty.cz\/index.php\/wp-json\/wp\/v2\/types\/page"}],"author":[{"embeddable":true,"href":"https:\/\/www.komunikacni-karty.cz\/index.php\/wp-json\/wp\/v2\/users\/1"}],"replies":[{"embeddable":true,"href":"https:\/\/www.komunikacni-karty.cz\/index.php\/wp-json\/wp\/v2\/comments?post=2"}],"version-history":[{"count":28,"href":"https:\/\/www.komunikacni-karty.cz\/index.php\/wp-json\/wp\/v2\/pages\/2\/revisions"}],"predecessor-version":[{"id":471,"href":"https:\/\/www.komunikacni-karty.cz\/index.php\/wp-json\/wp\/v2\/pages\/2\/revisions\/471"}],"wp:attachment":[{"href":"https:\/\/www.komunikacni-karty.cz\/index.php\/wp-json\/wp\/v2\/media?parent=2"}],"curies":[{"name":"wp","href":"https:\/\/api.w.org\/{rel}","templated":true}]}}

O nás

<div data-elementor-type="wp-page" data-elementor-id="2" class="elementor elementor-2" data-elementor-settings="[]">
							<div class="elementor-section-wrap">
							<section class="elementor-section elementor-top-section elementor-element elementor-element-bc8c41e elementor-section-boxed elementor-section-height-default elementor-section-height-default" data-id="bc8c41e" data-element_type="section">
						<div class="elementor-container elementor-column-gap-default">
					<div class="elementor-column elementor-col-50 elementor-top-column elementor-element elementor-element-bccdbe8" data-id="bccdbe8" data-element_type="column">
			<div class="elementor-widget-wrap elementor-element-populated">
								<div class="elementor-element elementor-element-cbaf07f elementor-widget elementor-widget-image" data-id="cbaf07f" data-element_type="widget" data-widget_type="image.default">
				<div class="elementor-widget-container">
															<img width="248" height="248" src="https://www.komunikacni-karty.cz/wp-content/uploads/2021/08/eiat.png" class="attachment-large size-large" alt="" loading="lazy" />															</div>
				</div>
				<div class="elementor-element elementor-element-5037e76 elementor-widget elementor-widget-text-editor" data-id="5037e76" data-element_type="widget" data-widget_type="text-editor.default">
				<div class="elementor-widget-container">
							<p><a href="https://eiat.cz/zakladni_informace/">Přejí na stránky EIAT</a></p>						</div>
				</div>
					</div>
		</div>
				<div class="elementor-column elementor-col-50 elementor-top-column elementor-element elementor-element-8cf44f1" data-id="8cf44f1" data-element_type="column">
			<div class="elementor-widget-wrap elementor-element-populated">
								<section class="elementor-section elementor-inner-section elementor-element elementor-element-d8916ba elementor-section-boxed elementor-section-height-default elementor-section-height-default" data-id="d8916ba" data-element_type="section">
						<div class="elementor-container elementor-column-gap-default">
					<div class="elementor-column elementor-col-100 elementor-inner-column elementor-element elementor-element-c2e2d91" data-id="c2e2d91" data-element_type="column">
			<div class="elementor-widget-wrap elementor-element-populated">
								<div class="elementor-element elementor-element-cc77052 elementor-widget elementor-widget-heading" data-id="cc77052" data-element_type="widget" data-widget_type="heading.default">
				<div class="elementor-widget-container">
			<h2 class="elementor-heading-title elementor-size-default">EIAT</h2>		</div>
				</div>
				<div class="elementor-element elementor-element-9fb19cf elementor-widget elementor-widget-text-editor" data-id="9fb19cf" data-element_type="widget" data-widget_type="text-editor.default">
				<div class="elementor-widget-container">
							<p>Poslání a cíle Evropského institutu asistivních technologií</p>
<p><ul><li>Základní i průmyslový výzkum a experimentální vývoj na poli asistivních technologií a souvisejících oborů a služeb.</li><li>Transfer technologií, inovací a znalostí směrem k jejich možným výrobcům a spotřebitelům.</li><li>Veřejné šíření informací mezi odbornou i laickou veřejností, a to zejména prostřednictvím výuky a publikační činnosti.</li><li>Pomoc institucím, neziskovým organizacím a firmám při adaptaci a aplikaci AT a souvisejících procesů a služeb.</li><li>Pomoc konkrétním občanům se zdravotním či sociálním znevýhodněním při dosahování maximální míry jejich samostatnosti a nezávislosti vedoucí a napomáhající k jejich začlenění do společnosti i k jejich pracovnímu uplatnění.</li></ul></p>
<p>Kompenzační pomůcky a asistivní technologie</p>
<p>Kompenzační&nbsp;<span style="color: var( --e-global-color-text ); font-family: var( --e-global-typography-text-font-family ), Sans-serif; font-weight: var( --e-global-typography-text-font-weight ); font-size: 1rem;">pomůcky&nbsp;</span><span style="font-style: inherit; font-weight: inherit; color: var( --e-global-color-text ); font-family: var( --e-global-typography-text-font-family ), Sans-serif;">(také nazývané zvláštní) jsou technické prostředky kompenzující určitou tělesnou či smyslovou nedostatečnost. Tento pojem se objevil v době, kdy se v masovější míře začala vyrábět specializovaná zařízení určená osobám se zdravotním handicapem pro usnadnění jejich běžného života. V důsledku vývoje a technického pokroku se tato zařízení stávají stále složitějšími, a to nejen z hlediska výroby, ale zejména z hlediska obsluhy a používání. Dnes se již často nejedná jen o zařízení fungující autonomně (samostatně); musí spolupracovat s jinými systémy a zařízeními používanými majoritní většinou, nezřídka se pak stávají dokonce specializovanou součástí takových systémů.</span></p>
<p>Ukazuje se, že je velmi vhodné (případně nutné) poskytnout jejich uživatelům další servis, a to zejména v oblasti optimalizace výběru zařízení, individuální konfigurace zohledňující konkrétní osobní možnosti a potřeby konkrétního klienta a zaškolení v jejich obsluze. Takový komplexní přístup nazývaný asistivní technologií významně zefektivňuje využívání pomůcky či technologie a přináší též větší užitek samotnému uživateli takového zařízení. Stručně lze říci, že asistivní technologie je shrnující výraz pro asistivní, adaptivní a rehabilitační zařízení určená lidem s postižením a zahrnující také proces vybírání, zpřístupnění a užívání takových pomůcek.</p>						</div>
				</div>
					</div>
		</div>
							</div>
		</section>
					</div>
		</div>
							</div>
		</section>
						</div>
					</div>

<p>Přejí na stránky EIAT EIAT Poslání a cíle Evropského institutu asistivních technologií Základní i průmyslový výzkum a experimentální vývoj na poli asistivních technologií a souvisejících oborů a služeb. Transfer technologií, inovací a znalostí směrem k jejich možným výrobcům a spotřebitelům. Veřejné šíření informací mezi odbornou i laickou veřejností, a to zejména prostřednictvím výuky a publikační &hellip;</p>
<p class="read-more"> <a class="" href="https://www.komunikacni-karty.cz/index.php/sample-page/"> <span class="screen-reader-text">O nás</span> Read More &raquo;</a></p>
