{"id":400,"date":"2021-11-19T09:24:49","date_gmt":"2021-11-19T09:24:49","guid":{"rendered":"https:\/\/www.komunikacni-karty.cz\/?page_id=400"},"modified":"2022-01-03T08:37:35","modified_gmt":"2022-01-03T08:37:35","slug":"komunikatorgrid","status":"publish","type":"page","link":"https:\/\/www.komunikacni-karty.cz\/index.php\/komunikatorgrid\/","title":{"rendered":"Komunik\u00e1tor GRID"},"content":{"rendered":"\t\t<div data-elementor-type=\"wp-page\" data-elementor-id=\"400\" class=\"elementor elementor-400\" data-elementor-settings=\"[]\">\n\t\t\t\t\t\t\t<div class=\"elementor-section-wrap\">\n\t\t\t\t\t\t\t<section class=\"elementor-section elementor-top-section elementor-element elementor-element-46f117e elementor-section-boxed elementor-section-height-default elementor-section-height-default\" data-id=\"46f117e\" data-element_type=\"section\">\n\t\t\t\t\t\t<div class=\"elementor-container elementor-column-gap-default\">\n\t\t\t\t\t<div class=\"elementor-column elementor-col-100 elementor-top-column elementor-element elementor-element-6579d10\" data-id=\"6579d10\" data-element_type=\"column\">\n\t\t\t<div class=\"elementor-widget-wrap elementor-element-populated\">\n\t\t\t\t\t\t\t\t<div class=\"elementor-element elementor-element-8d9ff75 elementor-widget elementor-widget-text-editor\" data-id=\"8d9ff75\" data-element_type=\"widget\" data-widget_type=\"text-editor.default\">\n\t\t\t\t<div class=\"elementor-widget-container\">\n\t\t\t\t\t\t\t<p><strong>N\u00e1vod<\/strong><\/p><p>Komunik\u00e1tor GRID a \u201eKomunika\u010dn\u00ed tabulky ve zdravotnictv\u00ed\u201c zprovozn\u00edte t\u00edmto postupem:<\/p><ol><li>Do po\u010d\u00edta\u010de se syst\u00e9mem Windows 10 nebo vy\u0161\u0161\u00edm zakoup\u00edte a instalujete komunika\u010dn\u00ed program GRID (zakoup\u00edte na <a href=\"http:\/\/www.spektra.eu\/\">http:\/\/www.spektra.eu\/<\/a>).<\/li><li>Do tabletu v\u00a0proveden\u00ed iPad st\u00e1hnete a instalujete komunika\u010dn\u00ed program GridPlayer (program je zdarma \u2013 je to freeware) a podle pokyn\u016f na obrazovce zaregistrujete tablet na serveru v\u00fdrobce programu. Registrace pak poslou\u017e\u00ed pro export e-KARET ze zakoupen\u00e9 licence GRID do iPadu.Pozn.: V\u00a0\u201eappstoru\u201c je GridPlayer na odkazu <a href=\"https:\/\/apps.apple.com\/gb\/app\/grid-player\/id456278671#?platform=ipad\">https:\/\/apps.apple.com\/gb\/app\/grid-player\/id456278671#?platform=ipad<\/a>, ale nemus\u00edte zad\u00e1vat celou adresu, jen se z\u00a0iPadu p\u0159ipojte k\u00a0\u201eappstoru\u201c a vyhledejte aplikaci GridPlayer.<\/li><li>Do po\u010d\u00edta\u010de se syst\u00e9mem Windows 10 si st\u00e1hnete svazek m\u0159\u00ed\u017eek &#8220;<a href=\"http:\/\/www.komunikacni-karty.cz\/wp-content\/uploads\/2021\/11\/Komunikacni_tabulky_v_ambulanci_ci_nemocnici.zip\" rel=\"noopener\">Komunika\u010dn\u00ed tabulky ve zdravotnictv\u00ed<\/a>&#8220;. Lev\u00fdm klepnut\u00edm my\u0161\u00ed na sta\u017een\u00e9m souboru spust\u00edte program GRID s otev\u0159en\u00fdmi komunika\u010dn\u00edmi tabulkami ve zdravotnictv\u00ed (na rozcestn\u00edku k jednotliv\u00fdm t\u00e9mat\u016fm). Zvolte t\u00e9ma a v n\u00e1sleduj\u00edc\u00ed m\u0159\u00ed\u017ece klepn\u011bte na n\u011bkter\u00e9m obr\u00e1zku: po\u010d\u00edta\u010d \u0159ekne fr\u00e1zi k obr\u00e1zku p\u0159i\u0159azenou.<\/li><li>Do registrovan\u00e9ho iPadu exportujete svazek m\u0159\u00ed\u017eek &#8220;<a href=\"http:\/\/www.komunikacni-karty.cz\/wp-content\/uploads\/2021\/11\/Komunikacni_tabulky_v_ambulanci_ci_nemocnici.zip\" rel=\"noopener\">Komunika\u010dn\u00ed tabulky ve zdravotnictv\u00ed&#8221;<\/a>. Kdy\u017e spust\u00edte program Grid, otev\u0159e se plocha Gridu, kter\u00e1 vypad\u00e1 n\u011bjak takto (na\u0161e \u201cKomunika\u010dn\u00ed tabulky ve zdravotnictv\u00ed\u201c jsou vpravo dole):<\/li><\/ol>\t\t\t\t\t\t<\/div>\n\t\t\t\t<\/div>\n\t\t\t\t\t<\/div>\n\t\t<\/div>\n\t\t\t\t\t\t\t<\/div>\n\t\t<\/section>\n\t\t\t\t<section class=\"elementor-section elementor-top-section elementor-element elementor-element-e856852 elementor-section-boxed elementor-section-height-default elementor-section-height-default\" data-id=\"e856852\" data-element_type=\"section\">\n\t\t\t\t\t\t<div class=\"elementor-container elementor-column-gap-default\">\n\t\t\t\t\t<div class=\"elementor-column elementor-col-100 elementor-top-column elementor-element elementor-element-2216562\" data-id=\"2216562\" data-element_type=\"column\">\n\t\t\t<div class=\"elementor-widget-wrap elementor-element-populated\">\n\t\t\t\t\t\t\t\t<div class=\"elementor-element elementor-element-8cf15e8 elementor-widget elementor-widget-image\" data-id=\"8cf15e8\" data-element_type=\"widget\" data-widget_type=\"image.default\">\n\t\t\t\t<div class=\"elementor-widget-container\">\n\t\t\t\t\t\t\t\t\t\t\t\t\t\t\t<img width=\"1024\" height=\"578\" src=\"https:\/\/www.komunikacni-karty.cz\/wp-content\/uploads\/2021\/11\/Plocha-Gridu-1024x578.jpg\" class=\"attachment-large size-large\" alt=\"\" loading=\"lazy\" \/>\t\t\t\t\t\t\t\t\t\t\t\t\t\t\t<\/div>\n\t\t\t\t<\/div>\n\t\t\t\t\t<\/div>\n\t\t<\/div>\n\t\t\t\t\t\t\t<\/div>\n\t\t<\/section>\n\t\t\t\t<section class=\"elementor-section elementor-top-section elementor-element elementor-element-6c1e94b elementor-section-boxed elementor-section-height-default elementor-section-height-default\" data-id=\"6c1e94b\" data-element_type=\"section\">\n\t\t\t\t\t\t<div class=\"elementor-container elementor-column-gap-default\">\n\t\t\t\t\t<div class=\"elementor-column elementor-col-100 elementor-top-column elementor-element elementor-element-99a3d18\" data-id=\"99a3d18\" data-element_type=\"column\">\n\t\t\t<div class=\"elementor-widget-wrap elementor-element-populated\">\n\t\t\t\t\t\t\t\t<div class=\"elementor-element elementor-element-1bc75bd elementor-widget elementor-widget-text-editor\" data-id=\"1bc75bd\" data-element_type=\"widget\" data-widget_type=\"text-editor.default\">\n\t\t\t\t<div class=\"elementor-widget-container\">\n\t\t\t\t\t\t\t<p>V\u00a0hlavn\u00edm menu plochy Gridu, kter\u00e9 se otev\u00edr\u00e1 ikonou vlevo naho\u0159e, zvol\u00edte \u201eSd\u00edlet svazky m\u0159\u00ed\u017eek\u201c. T\u00edm otev\u0159ete submenu, kde zvol\u00edte druhou polo\u017eku \u201eGridPlayer\u201c. V\u00a0dialogu \u201eGridPlayer\u201c u\u017e vid\u00edte sv\u00e1 registrovan\u00e1 za\u0159\u00edzen\u00ed pro komunik\u00e1tor Grid. Volbu potvrd\u00edte tla\u010d\u00edtkem \u201eP\u0159idat\u201c.<\/p><p>Licence: Svazek m\u0159\u00ed\u017eek \u201eKomunika\u010dn\u00ed tabulky ve zdravotnictv\u00ed\u201c m\u016f\u017eete jako celek nebo jejich \u010d\u00e1sti voln\u011b pou\u017e\u00edvat, sd\u00edlet a podle pot\u0159eby upravovat.<\/p>\t\t\t\t\t\t<\/div>\n\t\t\t\t<\/div>\n\t\t\t\t\t<\/div>\n\t\t<\/div>\n\t\t\t\t\t\t\t<\/div>\n\t\t<\/section>\n\t\t\t\t<section class=\"elementor-section elementor-top-section elementor-element elementor-element-8c282c1 elementor-section-boxed elementor-section-height-default elementor-section-height-default\" data-id=\"8c282c1\" data-element_type=\"section\">\n\t\t\t\t\t\t<div class=\"elementor-container elementor-column-gap-default\">\n\t\t\t\t\t<div class=\"elementor-column elementor-col-100 elementor-top-column elementor-element elementor-element-721f7fc\" data-id=\"721f7fc\" data-element_type=\"column\">\n\t\t\t<div class=\"elementor-widget-wrap elementor-element-populated\">\n\t\t\t\t\t\t\t\t<div class=\"elementor-element elementor-element-35f8139 elementor-widget elementor-widget-text-editor\" data-id=\"35f8139\" data-element_type=\"widget\" data-widget_type=\"text-editor.default\">\n\t\t\t\t<div class=\"elementor-widget-container\">\n\t\t\t\t\t\t\t<p><strong>Obsluha komunik\u00e1toru<\/strong><\/p><p>Pacient vol\u00ed p\u0159\u00edslu\u0161n\u00e9 sd\u011blen\u00ed dotykem na obrazovce tabletu a po\u010d\u00edta\u010d nahlas \u0159ekne fr\u00e1zi p\u0159i\u0159azenou ke zvolen\u00e9mu\u00a0obr\u00e1zku, p\u0159\u00edpadn\u011b pacient odpov\u00ed kartami ANO, NE, NEV\u00cdM na dopl\u0148uj\u00edc\u00ed ot\u00e1zky zdravotn\u00edka. Pokud pacient nem\u016f\u017ee ukazovat, pom\u00e1h\u00e1 mu asistent nebo zdravotn\u00edk. Asistent ukazuje na karty a pacient potvrzuje v\u00fdb\u011br (nap\u0159. mrknut\u00edm).<\/p><p>Svazek m\u0159\u00ed\u017eek \u201eKomunika\u010dn\u00ed tabulky ve zdravotnictv\u00ed\u201c pokr\u00fdv\u00e1 tato \u010dty\u0159i t\u00e9mata:<\/p><p>1. M\u0159\u00ed\u017eka O\u0160ET\u0158OVATELSTV\u00cd umo\u017e\u0148uje odpov\u011b\u010f na ot\u00e1zku: Co pot\u0159ebujete, jak mohu pomoci?<\/p>\t\t\t\t\t\t<\/div>\n\t\t\t\t<\/div>\n\t\t\t\t\t<\/div>\n\t\t<\/div>\n\t\t\t\t\t\t\t<\/div>\n\t\t<\/section>\n\t\t\t\t<section class=\"elementor-section elementor-top-section elementor-element elementor-element-db34665 elementor-section-boxed elementor-section-height-default elementor-section-height-default\" data-id=\"db34665\" data-element_type=\"section\">\n\t\t\t\t\t\t<div class=\"elementor-container elementor-column-gap-default\">\n\t\t\t\t\t<div class=\"elementor-column elementor-col-100 elementor-top-column elementor-element elementor-element-0c79545\" data-id=\"0c79545\" data-element_type=\"column\">\n\t\t\t<div class=\"elementor-widget-wrap elementor-element-populated\">\n\t\t\t\t\t\t\t\t<div class=\"elementor-element elementor-element-8452e6a elementor-widget elementor-widget-image\" data-id=\"8452e6a\" data-element_type=\"widget\" data-widget_type=\"image.default\">\n\t\t\t\t<div class=\"elementor-widget-container\">\n\t\t\t\t\t\t\t\t\t\t\t\t\t\t\t<img width=\"1024\" height=\"532\" src=\"https:\/\/www.komunikacni-karty.cz\/wp-content\/uploads\/2021\/11\/L2-osetrovatel-1024x532.jpg\" class=\"attachment-large size-large\" alt=\"\" loading=\"lazy\" \/>\t\t\t\t\t\t\t\t\t\t\t\t\t\t\t<\/div>\n\t\t\t\t<\/div>\n\t\t\t\t\t<\/div>\n\t\t<\/div>\n\t\t\t\t\t\t\t<\/div>\n\t\t<\/section>\n\t\t\t\t<section class=\"elementor-section elementor-top-section elementor-element elementor-element-19f532a elementor-section-boxed elementor-section-height-default elementor-section-height-default\" data-id=\"19f532a\" data-element_type=\"section\">\n\t\t\t\t\t\t<div class=\"elementor-container elementor-column-gap-default\">\n\t\t\t\t\t<div class=\"elementor-column elementor-col-100 elementor-top-column elementor-element elementor-element-accdcf2\" data-id=\"accdcf2\" data-element_type=\"column\">\n\t\t\t<div class=\"elementor-widget-wrap elementor-element-populated\">\n\t\t\t\t\t\t\t\t<div class=\"elementor-element elementor-element-04e2dd6 elementor-widget elementor-widget-text-editor\" data-id=\"04e2dd6\" data-element_type=\"widget\" data-widget_type=\"text-editor.default\">\n\t\t\t\t<div class=\"elementor-widget-container\">\n\t\t\t\t\t\t\t<p>\u00a0<\/p><p>2. M\u0159\u00ed\u017eka ANAMN\u00c9ZA umo\u017e\u0148uje odpov\u011b\u010f na ot\u00e1zku: Jak nebo s \u010d\u00edm se te\u010f l\u00e9\u010d\u00edte?<\/p>\t\t\t\t\t\t<\/div>\n\t\t\t\t<\/div>\n\t\t\t\t\t<\/div>\n\t\t<\/div>\n\t\t\t\t\t\t\t<\/div>\n\t\t<\/section>\n\t\t\t\t<section class=\"elementor-section elementor-top-section elementor-element elementor-element-aa43540 elementor-section-boxed elementor-section-height-default elementor-section-height-default\" data-id=\"aa43540\" data-element_type=\"section\">\n\t\t\t\t\t\t<div class=\"elementor-container elementor-column-gap-default\">\n\t\t\t\t\t<div class=\"elementor-column elementor-col-100 elementor-top-column elementor-element elementor-element-42005bd\" data-id=\"42005bd\" data-element_type=\"column\">\n\t\t\t<div class=\"elementor-widget-wrap elementor-element-populated\">\n\t\t\t\t\t\t\t\t<div class=\"elementor-element elementor-element-fe8e5c2 elementor-widget elementor-widget-image\" data-id=\"fe8e5c2\" data-element_type=\"widget\" data-widget_type=\"image.default\">\n\t\t\t\t<div class=\"elementor-widget-container\">\n\t\t\t\t\t\t\t\t\t\t\t\t\t\t\t<img width=\"1024\" height=\"540\" src=\"https:\/\/www.komunikacni-karty.cz\/wp-content\/uploads\/2021\/11\/L2-anamneza-1024x540.jpg\" class=\"attachment-large size-large\" alt=\"\" loading=\"lazy\" \/>\t\t\t\t\t\t\t\t\t\t\t\t\t\t\t<\/div>\n\t\t\t\t<\/div>\n\t\t\t\t\t<\/div>\n\t\t<\/div>\n\t\t\t\t\t\t\t<\/div>\n\t\t<\/section>\n\t\t\t\t<section class=\"elementor-section elementor-top-section elementor-element elementor-element-e50fc9d elementor-section-boxed elementor-section-height-default elementor-section-height-default\" data-id=\"e50fc9d\" data-element_type=\"section\">\n\t\t\t\t\t\t<div class=\"elementor-container elementor-column-gap-default\">\n\t\t\t\t\t<div class=\"elementor-column elementor-col-100 elementor-top-column elementor-element elementor-element-64d9790\" data-id=\"64d9790\" data-element_type=\"column\">\n\t\t\t<div class=\"elementor-widget-wrap elementor-element-populated\">\n\t\t\t\t\t\t\t\t<div class=\"elementor-element elementor-element-cf7e429 elementor-widget elementor-widget-text-editor\" data-id=\"cf7e429\" data-element_type=\"widget\" data-widget_type=\"text-editor.default\">\n\t\t\t\t<div class=\"elementor-widget-container\">\n\t\t\t\t\t\t\t<p>\u00a0<\/p><p>3. M\u0159\u00ed\u017eka BOLEST umo\u017e\u0148uje odpov\u011b\u010f na ot\u00e1zku: Co nebo kde V\u00e1s n\u011bco bol\u00ed?<\/p>\t\t\t\t\t\t<\/div>\n\t\t\t\t<\/div>\n\t\t\t\t\t<\/div>\n\t\t<\/div>\n\t\t\t\t\t\t\t<\/div>\n\t\t<\/section>\n\t\t\t\t<section class=\"elementor-section elementor-top-section elementor-element elementor-element-d420aaf elementor-section-boxed elementor-section-height-default elementor-section-height-default\" data-id=\"d420aaf\" data-element_type=\"section\">\n\t\t\t\t\t\t<div class=\"elementor-container elementor-column-gap-default\">\n\t\t\t\t\t<div class=\"elementor-column elementor-col-100 elementor-top-column elementor-element elementor-element-5693389\" data-id=\"5693389\" data-element_type=\"column\">\n\t\t\t<div class=\"elementor-widget-wrap elementor-element-populated\">\n\t\t\t\t\t\t\t\t<div class=\"elementor-element elementor-element-754067e elementor-widget elementor-widget-image\" data-id=\"754067e\" data-element_type=\"widget\" data-widget_type=\"image.default\">\n\t\t\t\t<div class=\"elementor-widget-container\">\n\t\t\t\t\t\t\t\t\t\t\t\t\t\t\t<img width=\"1024\" height=\"536\" src=\"https:\/\/www.komunikacni-karty.cz\/wp-content\/uploads\/2021\/11\/L2-bolest-1024x536.jpg\" class=\"attachment-large size-large\" alt=\"\" loading=\"lazy\" \/>\t\t\t\t\t\t\t\t\t\t\t\t\t\t\t<\/div>\n\t\t\t\t<\/div>\n\t\t\t\t\t<\/div>\n\t\t<\/div>\n\t\t\t\t\t\t\t<\/div>\n\t\t<\/section>\n\t\t\t\t<section class=\"elementor-section elementor-top-section elementor-element elementor-element-8a8e5b2 elementor-section-boxed elementor-section-height-default elementor-section-height-default\" data-id=\"8a8e5b2\" data-element_type=\"section\">\n\t\t\t\t\t\t<div class=\"elementor-container elementor-column-gap-default\">\n\t\t\t\t\t<div class=\"elementor-column elementor-col-100 elementor-top-column elementor-element elementor-element-298aa0c\" data-id=\"298aa0c\" data-element_type=\"column\">\n\t\t\t<div class=\"elementor-widget-wrap elementor-element-populated\">\n\t\t\t\t\t\t\t\t<div class=\"elementor-element elementor-element-b5f9dc2 elementor-widget elementor-widget-text-editor\" data-id=\"b5f9dc2\" data-element_type=\"widget\" data-widget_type=\"text-editor.default\">\n\t\t\t\t<div class=\"elementor-widget-container\">\n\t\t\t\t\t\t\t<p>\u00a0<\/p><p>4. M\u0159\u00ed\u017eka CHARAKTER BOLESTI a \u00daLEVOV\u00c9 POLOHY (dv\u011b sdru\u017een\u00e1 t\u00e9mata na jedn\u00e9 obrazovce) umo\u017e\u0148uje odpov\u011b\u010f na ot\u00e1zky: Jakou bolest c\u00edt\u00edte? Kdy se V\u00e1m ulev\u00ed?<\/p>\t\t\t\t\t\t<\/div>\n\t\t\t\t<\/div>\n\t\t\t\t\t<\/div>\n\t\t<\/div>\n\t\t\t\t\t\t\t<\/div>\n\t\t<\/section>\n\t\t\t\t<section class=\"elementor-section elementor-top-section elementor-element elementor-element-2e80a76 elementor-section-boxed elementor-section-height-default elementor-section-height-default\" data-id=\"2e80a76\" data-element_type=\"section\">\n\t\t\t\t\t\t<div class=\"elementor-container elementor-column-gap-default\">\n\t\t\t\t\t<div class=\"elementor-column elementor-col-100 elementor-top-column elementor-element elementor-element-98097e0\" data-id=\"98097e0\" data-element_type=\"column\">\n\t\t\t<div class=\"elementor-widget-wrap elementor-element-populated\">\n\t\t\t\t\t\t\t\t<div class=\"elementor-element elementor-element-deb6b0d elementor-widget elementor-widget-image\" data-id=\"deb6b0d\" data-element_type=\"widget\" data-widget_type=\"image.default\">\n\t\t\t\t<div class=\"elementor-widget-container\">\n\t\t\t\t\t\t\t\t\t\t\t\t\t\t\t<img width=\"1024\" height=\"537\" src=\"https:\/\/www.komunikacni-karty.cz\/wp-content\/uploads\/2021\/11\/L2-bolest-a-uleva-1024x537.jpg\" class=\"attachment-large size-large\" alt=\"\" loading=\"lazy\" \/>\t\t\t\t\t\t\t\t\t\t\t\t\t\t\t<\/div>\n\t\t\t\t<\/div>\n\t\t\t\t\t<\/div>\n\t\t<\/div>\n\t\t\t\t\t\t\t<\/div>\n\t\t<\/section>\n\t\t\t\t<section class=\"elementor-section elementor-top-section elementor-element elementor-element-db4d700 elementor-section-boxed elementor-section-height-default elementor-section-height-default\" data-id=\"db4d700\" data-element_type=\"section\">\n\t\t\t\t\t\t<div class=\"elementor-container elementor-column-gap-default\">\n\t\t\t\t\t<div class=\"elementor-column elementor-col-100 elementor-top-column elementor-element elementor-element-f5af16e\" data-id=\"f5af16e\" data-element_type=\"column\">\n\t\t\t<div class=\"elementor-widget-wrap elementor-element-populated\">\n\t\t\t\t\t\t\t\t<div class=\"elementor-element elementor-element-61f9229 elementor-widget elementor-widget-text-editor\" data-id=\"61f9229\" data-element_type=\"widget\" data-widget_type=\"text-editor.default\">\n\t\t\t\t<div class=\"elementor-widget-container\">\n\t\t\t\t\t\t\t<p>\u00a0<\/p><p><strong>Dal\u0161\u00ed komunika\u010dn\u00ed tabulky<\/strong><\/p><p>Na plo\u0161e Gridu op\u011bt otev\u0159ete hlavn\u00ed menu plochy pod ikonou vlevo naho\u0159e a zde tentokr\u00e1t vyberete prvn\u00ed polo\u017eku \u201eP\u0159idat svazky m\u0159\u00ed\u017eek\u201c. T\u00edm otev\u0159ete dialog na obr\u00e1zku vpravo.<\/p>\t\t\t\t\t\t<\/div>\n\t\t\t\t<\/div>\n\t\t\t\t\t<\/div>\n\t\t<\/div>\n\t\t\t\t\t\t\t<\/div>\n\t\t<\/section>\n\t\t\t\t<section class=\"elementor-section elementor-top-section elementor-element elementor-element-b84eee5 elementor-section-boxed elementor-section-height-default elementor-section-height-default\" data-id=\"b84eee5\" data-element_type=\"section\">\n\t\t\t\t\t\t<div class=\"elementor-container elementor-column-gap-default\">\n\t\t\t\t\t<div class=\"elementor-column elementor-col-100 elementor-top-column elementor-element elementor-element-ced1322\" data-id=\"ced1322\" data-element_type=\"column\">\n\t\t\t<div class=\"elementor-widget-wrap elementor-element-populated\">\n\t\t\t\t\t\t\t\t<div class=\"elementor-element elementor-element-871701e elementor-widget elementor-widget-image\" data-id=\"871701e\" data-element_type=\"widget\" data-widget_type=\"image.default\">\n\t\t\t\t<div class=\"elementor-widget-container\">\n\t\t\t\t\t\t\t\t\t\t\t\t\t\t\t<img width=\"1024\" height=\"416\" src=\"https:\/\/www.komunikacni-karty.cz\/wp-content\/uploads\/2021\/11\/Kontextove-menu-plochy-Gridu-1024x416.jpg\" class=\"attachment-large size-large\" alt=\"\" loading=\"lazy\" \/>\t\t\t\t\t\t\t\t\t\t\t\t\t\t\t<\/div>\n\t\t\t\t<\/div>\n\t\t\t\t\t<\/div>\n\t\t<\/div>\n\t\t\t\t\t\t\t<\/div>\n\t\t<\/section>\n\t\t\t\t<section class=\"elementor-section elementor-top-section elementor-element elementor-element-3260963 elementor-section-boxed elementor-section-height-default elementor-section-height-default\" data-id=\"3260963\" data-element_type=\"section\">\n\t\t\t\t\t\t<div class=\"elementor-container elementor-column-gap-default\">\n\t\t\t\t\t<div class=\"elementor-column elementor-col-100 elementor-top-column elementor-element elementor-element-215ea18\" data-id=\"215ea18\" data-element_type=\"column\">\n\t\t\t<div class=\"elementor-widget-wrap elementor-element-populated\">\n\t\t\t\t\t\t\t\t<div class=\"elementor-element elementor-element-02a6a02 elementor-widget elementor-widget-text-editor\" data-id=\"02a6a02\" data-element_type=\"widget\" data-widget_type=\"text-editor.default\">\n\t\t\t\t<div class=\"elementor-widget-container\">\n\t\t\t\t\t\t\t<p>Volbou \u201eOnline m\u0159\u00ed\u017eky\u201c pak otev\u0159ete str\u00e1nku, kam ostatn\u00ed u\u017eivatel\u00e9 d\u00e1vaj\u00ed k\u00a0dispozici vlastn\u00ed tabulky. Podle pot\u0159eby si m\u016f\u017eete libovolnou tabulku vybrat a st\u00e1hnout a pou\u017e\u00edvat pro komunikaci.<\/p><p>Dal\u0161\u00ed prost\u0159edky pro alternativn\u00ed komunikaci, nap\u0159. pro komunikaci e-kartami a komunika\u010dn\u00ed syst\u00e9m GRID, za\u0159\u00edzen\u00ed pro komunikaci o\u010dima (pohledem), najdete na str\u00e1nk\u00e1ch <a href=\"http:\/\/www.spektra.eu\">www.spektra.eu<\/a>.<\/p>\t\t\t\t\t\t<\/div>\n\t\t\t\t<\/div>\n\t\t\t\t\t<\/div>\n\t\t<\/div>\n\t\t\t\t\t\t\t<\/div>\n\t\t<\/section>\n\t\t\t\t\t\t<\/div>\n\t\t\t\t\t<\/div>\n\t\t","protected":false},"excerpt":{"rendered":"<p>N\u00e1vod Komunik\u00e1tor GRID a \u201eKomunika\u010dn\u00ed tabulky ve zdravotnictv\u00ed\u201c zprovozn\u00edte t\u00edmto postupem: Do po\u010d\u00edta\u010de se syst\u00e9mem Windows 10 nebo vy\u0161\u0161\u00edm zakoup\u00edte a instalujete komunika\u010dn\u00ed program GRID (zakoup\u00edte na http:\/\/www.spektra.eu\/). Do tabletu v\u00a0proveden\u00ed iPad st\u00e1hnete a instalujete komunika\u010dn\u00ed program GridPlayer (program je zdarma \u2013 je to freeware) a podle pokyn\u016f na obrazovce zaregistrujete tablet na serveru v\u00fdrobce &hellip;<\/p>\n<p class=\"read-more\"> <a class=\"\" href=\"https:\/\/www.komunikacni-karty.cz\/index.php\/komunikatorgrid\/\"> <span class=\"screen-reader-text\">Komunik\u00e1tor GRID<\/span> Read More &raquo;<\/a><\/p>\n","protected":false},"author":1,"featured_media":0,"parent":0,"menu_order":0,"comment_status":"closed","ping_status":"closed","template":"","meta":[],"_links":{"self":[{"href":"https:\/\/www.komunikacni-karty.cz\/index.php\/wp-json\/wp\/v2\/pages\/400"}],"collection":[{"href":"https:\/\/www.komunikacni-karty.cz\/index.php\/wp-json\/wp\/v2\/pages"}],"about":[{"href":"https:\/\/www.komunikacni-karty.cz\/index.php\/wp-json\/wp\/v2\/types\/page"}],"author":[{"embeddable":true,"href":"https:\/\/www.komunikacni-karty.cz\/index.php\/wp-json\/wp\/v2\/users\/1"}],"replies":[{"embeddable":true,"href":"https:\/\/www.komunikacni-karty.cz\/index.php\/wp-json\/wp\/v2\/comments?post=400"}],"version-history":[{"count":36,"href":"https:\/\/www.komunikacni-karty.cz\/index.php\/wp-json\/wp\/v2\/pages\/400\/revisions"}],"predecessor-version":[{"id":542,"href":"https:\/\/www.komunikacni-karty.cz\/index.php\/wp-json\/wp\/v2\/pages\/400\/revisions\/542"}],"wp:attachment":[{"href":"https:\/\/www.komunikacni-karty.cz\/index.php\/wp-json\/wp\/v2\/media?parent=400"}],"curies":[{"name":"wp","href":"https:\/\/api.w.org\/{rel}","templated":true}]}}